= -24 - d. Let b = 65 - r. What is the remainder when 108 is divided by b?
52
Suppose 45*y - 118477 + 46873 = 195651. What is the remainder when y is divided by 60?
59
Suppose -y + m = -3*y + 7, -y - 3*m + 11 = 0. Suppose -10*a + 108 = y*a. Calculate the remainder when a is divided by 4.
1
Suppose 3*q - 6*q + 246 = 0. Suppose 0 = 3*w + n - 11, -w = 2*w - 2*n - 23. Suppose -w*c = -60 - 25. Calculate the remainder when q is divided by c.
14
Let f = -5034 - -5036. Suppose 2 + 8 = -2*i. Calculate the remainder when 66 is divided by (((-30)/(-18))/i)/(f/(-138)).
20
Let t(r) = -2*r**2 - 125*r - 355. What is the remainder when 255 is divided by t(-59)?
23
Let b(u) = u**2 + 73*u + 639. Let m(c) = 6*c + 19. What is the remainder when m(9) is divided by b(-10)?
1
Let u(h) = -37*h**3 + h + 1. Let j be u(-1). Suppose -59 = -2*i - j. What is the remainder when 41 is divided by i?
8
Suppose -2 = -55*y + 57*y. Suppose -5*s + 19 = -6. What is the remainder when s is divided by -3*(y/(-2) - (-63)/(-42))?
2
Let v(b) = 550*b - 275. What is the remainder when v(1) is divided by 83?
26
Let i(a) = a**2 - 5. Suppose -5*w = 25, w = 3*m - 126 - 74. Calculate the remainder when m is divided by i(4).
10
Suppose j - g = 3511, 1481*g + 13981 = 4*j + 1484*g. What is the remainder when j is divided by 146?
144
Let g be ((-15700)/100)/(0 - 1). Let a = -133 + g. What is the remainder when 44 is divided by a?
20
Let p be (-2)/9 + (-573)/(-27). Let t = 24 - p. Suppose t*k = 48 + 378. Calculate the remainder when k is divided by 29.
26
Let f = -151 - -153. Suppose -6*i + 41 = -3*i + k, f*i - 34 = k. Calculate the remainder when 69 is divided by i.
9
Let g = -304 + 309. Suppose 6*x - 1125 = x + g*m, 0 = 5*m. Calculate the remainder when x is divided by 76.
73
Let s(c) = 2*c + 83. Let t(u) = u**2 + 8*u - 5. Let x be t(-7). What is the remainder when x*(1 - 4) - -2 is divided by s(-34)?
8
What is the remainder when 1860 + 25 - 1/((-4)/(-8)) is divided by 65?
63
Suppose -13*w + 6*w = -119. Suppose -5*c = -3 - w. What is the remainder when 8 is divided by c?
0
Suppose -2*t + 54 = 4*d, -52*t + 53*t = 2*d - 17. Calculate the remainder when 624 is divided by d.
8
What is the remainder when (-156)/(-546) - ((-20214)/7 + 7/7) is divided by 27?
25
What is the remainder when (6 + -8)/(3 + (-14318)/(-2864) + -8) is divided by 132?
92
Suppose 5*c - 20*c = -240. Calculate the remainder when 195 is divided by (60/c)/((-30)/(-400)).
45
Let a = -8831 + 8892. Calculate the remainder when 65 is divided by a.
4
Suppose -2*u - 7 = 1, 2*u = w - 52. Suppose 4*q - 5*o = 128, -2*q - 4*o = -53 - 11. What is the remainder when w is divided by q?
12
Calculate the remainder when 376 is divided by (0 + -2)*(31031/(-2730) + (-6)/45).
8
Suppose 0 = 2*d + 3*d + 245. Let k = 127 + d. Suppose -4*p + 54 = -106. Calculate the remainder when k is divided by p.
38
Let s = 8207 + -8121. Calculate the remainder when 341 is divided by s.
83
Suppose 67*z - 969 = 64*z. Let g = z + -214. Calculate the remainder when g is divided by 16.
13
Suppose 6*s - 23 = 25. Suppose -768 = -s*r - 4*r. What is the remainder when 244 is divided by r?
52
Let c = 36 - 34. Suppose 135 + 65 = c*g. Suppose 6*s - g = -34. What is the remainder when s is divided by 10?
1
Suppose -28*y + 31*y + 3*x = 6357, -4*y = -4*x - 8516. What is the remainder when y is divided by 41?
33
Suppose -57*d = -117*d + 64*d. Suppose -5*l + 74 = -4*p + 253, d = -2*l + 10. What is the remainder when p is divided by 14?
9
Suppose m + 115 = -3*h + 146, 2*h - 4*m = 44. What is the remainder when 12537 is divided by h?
9
Suppose 5*d = -4*t + 301, 5*d = d + 4. Let s(p) = -p**2 - 4*p + 6. Let y be s(6). Let n = y - -80. What is the remainder when t is divided by n?
22
Let x be -1 - (-4)/((-20)/(-11255)). Suppose 24*r + 6*r - x = 0. Calculate the remainder when 295 is divided by r.
70
Let y = -133 + -81. Let q = y + 227. What is the remainder when 50 is divided by q?
11
Let l(y) be the second derivative of -y**4/12 - 7*y**3/6 + 29*y**2/2 - 254*y. What is the remainder when 113 is divided by l(-7)?
26
Let o = -18172 + 20980. What is the remainder when o is divided by 30?
18
Let u(j) = 24*j + 1. Suppose -42*m + 30*m + 1800 = 0. Suppose 2*r = 4*l + 202 - 50, 2*r - 2*l = m. What is the remainder when r is divided by u(1)?
24
Suppose -j + 0*c - 11 = 2*c, 0 = 2*j + c + 28. What is the remainder when (-5301)/(-30) - j/50 is divided by 36?
33
Let m(t) = t**2 - 3*t - 9. Let w be m(9). Let b = w - 35. What is the remainder when 269 is divided by b?
9
Let l be ((-4)/((-84)/133))/(2/42). Let y = -101 + l. Calculate the remainder when 55 is divided by y.
23
Let a(t) = -t**3 - 5*t**2 - 201*t - 1791. What is the remainder when a(-9) is divided by 98?
48
Let y = 15898 - 3484. What is the remainder when y is divided by 191?
190
Let r(i) = 15*i**2 + 45*i + 242. What is the remainder when r(-7) is divided by 41?
6
Let f be 10/50*20*(-202)/8. Let m = f + 114. Calculate the remainder when 23 is divided by m.
10
Let y = 75 - -12. Let d(x) = 7*x + 21. Let q be d(-6). Let z = 1 - q. What is the remainder when y is divided by z?
21
Let p(m) = m**3 - 3*m + 3. What is the remainder when p(4) is divided by -6 + (-1040)/(-170) + 982/34?
26
Let f = -11881 - -13109. What is the remainder when f is divided by 88?
84
Let p(g) = -g**3 - 19*g**2 - 32*g - 27. Let z be p(-16). Let f = 293 + z. Let k(a) = 6*a**2 - a - 1. What is the remainder when f is divided by k(-1)?
4
Suppose -b + 4*z = -0*b - 314, -4*z = 5*b - 1450. Let g = 494 - b. Calculate the remainder when g is divided by 41.
36
Let a = 558 - 465. What is the remainder when a is divided by 8?
5
Let i(p) = 63*p + 9384. Calculate the remainder when i(-124) is divided by 158.
150
Let v(u) = -11*u**2 - 14*u - 16. Let w(i) = i + 1. Let o(g) = -v(g) - 2*w(g). Let a be o(-4). Let p = -67 + a. What is the remainder when p is divided by 39?
36
What is the remainder when 987 is divided by ((-351)/(-18))/13 - 132/(-8)?
15
Suppose 4*t + 4*d = -1816, 0 = -4*t - t + d - 2276. Let x = -384 - t. What is the remainder when x is divided by 25?
21
Let s(i) = -i**2 - 8*i + 2. Let c be s(-7). Let j = 1619 + -1635. Let f = c - j. Calculate the remainder when 99 is divided by f.
24
What is the remainder when 1118 is divided by ((-329)/35 - -1)*(-80)/24?
26
Let b be 18/24 + 45/20. Let w(j) = 2*j**3 + 8*j**2 - 2*j - 5. Calculate the remainder when w(b) is divided by 49.
17
Let l = 64 - 10. Let p = -1089 - -1092. Suppose 32 = 2*i + 11*b - 13*b, -12 = p*b. What is the remainder when l is divided by i?
6
Suppose -53*v + 50*v + 5*k + 246 = 0, -2*v - 2*k + 132 = 0. What is the remainder when 113 is divided by v?
41
Let q = -1754 - -1767. Suppose 266 = n + 3*j, -7*n + 2*j = -2*n - 1279. What is the remainder when n is divided by q?
10
Let s(i) = 3*i**2 - 71*i + 1455. What is the remainder when s(23) is divided by 65?
44
Suppose -35*z = 44*z - 9303 - 16846. What is the remainder when 769 is divided by z?
107
Suppose 4*x + 0*a = 2*a + 408, 4*a + 504 = 5*x. Suppose -3*l + 2*o = -x, 5*l = -7*o + 2*o + 140. Calculate the remainder when 70 is divided by l.
6
Suppose 6*f - 12*f - 12 = 0. Let o be (-12)/3 - -6 - f. Suppose -o*z + 16 = 4*n, -5*n = -0*n - z - 14. What is the remainder when 14 is divided by n?
2
Suppose 3*m = -4*i - 9, -5*m - 17 = -5*i - 2. Let k be (m/(-2))/(-3*1/(-6)). Let p(a) = 10*a + 11. What is the remainder when p(k) is divided by 21?
20
Let r(v) = 20*v**2 + 58*v + 43. What is the remainder when r(5) is divided by 34?
17
Suppose 0*w - w = 14. Let q(j) = -j**2 - 19*j - 9. Let l be q(w). Let k = 74 - l. What is the remainder when 24 is divided by k?
11
Suppose -4*c - 9 = -c. Let s(x) = -14*x**3 - x**2 + x + 1. What is the remainder when ((-34)/c)/((-3)/(-27)) is divided by s(-1)?
11
Let u(y) = -16*y + 1. Let z(k) = k. Let w(d) = -2*u(d) + 10*z(d). Calculate the remainder when w(2) is divided by -14*4/20*-10.
26
Suppose 30*s + 9*s - 60522 = -27*s. Calculate the remainder when s is divided by 152.
5
Let h = 70 + -53. Let r(u) = -12*u + 40. Calculate the remainder when r(-2) is divided by h.
13
Suppose -63*a + 750 - 222 + 480 = 0. Suppose -q = 3*q - 112. What is the remainder when q is divided by a?
12
Suppose 0 = 5*p + 4*j + 28, 13 + 9 = -3*p - 5*j. Calculate the remain